 divided by m?
13
Let s(j) = -2*j**3 - 7*j**2 + 9*j + 8. Calculate the remainder when 110 is divided by s(-5).
34
Let t = 25 + 4. What is the remainder when t is divided by 39/(-6)*-2 - -2?
14
Let s(r) = -r**3 - 10*r**2 + 10*r + 12. Let u be (1*3)/(-3 + 2). Calculate the remainder when s(-11) is divided by 3/2*(5 - u).
11
Let u(v) = v**2 - 7*v + 6. Let a be (-4)/12*(0 + -18). Let l be u(a). Suppose -5*i + 0 + 25 = l. What is the remainder when 9 is divided by i?
4
Let b(m) = -m**2 - 6*m + 5. What is the remainder when b(-5) is divided by 4?
2
Suppose -5*h - 36 = 2*n + 3, 2*h = -4*n - 54. Let i be 3/n - (-7)/(-4). Calculate the remainder when -2 + i*(-62)/4 is divided by 15.
14
Suppose 5*n - 227 = 58. What is the remainder when n is divided by 26/2 + (-6 - -8)?
12
Let k(c) = -c**3 - 5*c**2 + 4*c - 7. Let x be k(-7). Suppose 0*i - 3*i + x = 0. Calculate the remainder when 62 is divided by i.
20
Let d(o) = o**3 - 14*o**2 + 12*o + 23. Suppose 2*p - 58 + 2 = 0. What is the remainder when p is divided by d(13)?
8
Let k(s) = -2*s - 7. Suppose 0*h - 35 = 5*h. Calculate the remainder when 26 is divided by k(h).
5
Let y = -16 + 21. Calculate the remainder when 19 is divided by y.
4
Suppose 5*h = 4*n, -5*n + h + 5 = -4*h. Suppose -n*g - 5*w + 35 = 0, 8 = -2*g - 3*w + 27. Suppose x - g = -x. What is the remainder when 1 is divided by x?
0
Let t be 1 + (-1 - 4/(-2)). Suppose 0 = 3*d + 4*j - 71, 21 = 3*d - t*d + 4*j. Suppose -7*v = -5*v - 18. Calculate the remainder when d is divided by v.
7
Let b = 37 + 2. What is the remainder when b is divided by 7?
4
Let b(v) = -v**2 - 10*v + 12. Calculate the remainder when 46 is divided by b(-10).
10
Suppose -2*o - 2*v = 2*v - 180, -429 = -5*o - 3*v. What is the remainder when o is divided by 29?
26
Let y(x) = -x**3 - 8*x**2 + 2*x - 8. Calculate the remainder when y(-9) is divided by 63/(-6)*(-16)/6.
27
Suppose -82 = -5*v + 103. What is the remainder when v is divided by 2/4*13*2?
11
Suppose -7*y = -2*y - 75. Suppose y + 13 = 4*p. Calculate the remainder when 24 is divided by p.
3
Let p be 6/(-5) - (-6)/30. Let l be (-27)/2*16/(-6). What is the remainder when -1*(-2 - (l + p)) is divided by 19?
18
Let t = 247 - 130. What is the remainder when t is divided by 24?
21
Let l = 22 - 0. Calculate the remainder when l is divided by 12.
10
Suppose -1155 = -6*q - 291. What is the remainder when q is divided by 21?
18
Suppose -31 = g - 87. Calculate the remainder when g is divided by 29.
27
Suppose 4*m + 0*m = 340. Suppose 0 = -y + 19 + 3. Calculate the remainder when m is divided by y.
19
Suppose 0 = -4*g - j + 6, -4*j - 10 = -g - 0. Let z be 20/6 - g/6. Suppose 5*p - 88 = -4*b, -4*p + z*b - 4 = -62. What is the remainder when p is divided by 9?
7
Let x = 95 - 67. What is the remainder when 69 is divided by x?
13
Let l = 4 - -42. Calculate the remainder when 180 is divided by l.
42
Suppose 0 = u + c, 5*u - 5*c + 2*c = 16. Suppose 9 = 5*h - 1. What is the remainder when 0/3 + h*2 is divided by u?
0
Let p = 369 + -250. What is the remainder when p is divided by 20?
19
Suppose -8 - 6 = -2*v. Calculate the remainder when 25 is divided by v.
4
Let t = 89 - 60. Calculate the remainder when t is divided by 8.
5
Let d = 52 + -47. What is the remainder when d is divided by 2?
1
Let s = 8 - 0. Let f = 9 - s. What is the remainder when f is divided by 1?
0
Let v be (-3)/(-1) + -2 - -1. Suppose 2*r = -v*r + 64. Calculate the remainder when r is divided by 9.
7
Suppose 20 - 8 = -3*s. Suppose 4*l - 93 = 55. What is the remainder when l is divided by (-39)/2*s/6?
11
Let w(y) = -y**2 - 8*y + 10. Let i be w(-7). Suppose -2*d + 4*d = -c + i, 23 = 5*d - 4*c. Calculate the remainder when 20 is divided by d.
6
Let a(d) = d - 1. Let n = 5 - 9. Let l be a(n). What is the remainder when 59 is divided by (l - -6)/((-2)/(-30))?
14
Suppose 7*x + 5 = 8*x. Suppose 0 = x*h + 3*o + o - 79, 0 = -2*o - 8. What is the remainder when h is divided by 10?
9
Let s = 3 + 9. Calculate the remainder when 13 is divided by 1/(-4) - (-87)/s.
6
Let d = 10 - 7. Suppose 0 = -0*k + d*k + 3, -3*k - 42 = -q. Calculate the remainder when q is divided by 20.
19
Let n(k) = -k**2 + 5*k. Let h be n(8). What is the remainder when (-306)/h + 2/8 is divided by 5?
3
Suppose -46 = -4*d + 10. Calculate the remainder when 41 is divided by d.
13
Suppose 29 + 15 = 4*m. What is the remainder when 41 is divided by m?
8
Calculate the remainder when 5 is divided by 27/15 + 2/10.
1
Let j be 28/6 - (-6)/(-9). Suppose -j*i + 7 = -3*i. Calculate the remainder when 13 is divided by i.
6
Let n(i) = -2*i + 2*i - i**2 + 43*i**2 - i. Calculate the remainder when n(-1) is divided by (12/16)/((-2)/(-40)).
13
Let u = -8 - -11. What is the remainder when u is divided by 2?
1
Suppose -3*a + 0*a = -33. Let p = -5 + a. What is the remainder when 10 is divided by p?
4
Let j be (-2 + 1)*15/(-3). Suppose -3*v - j*a + 91 = 0, -v + a = -3*a - 53. What is the remainder when v is divided by 19?
18
Let v be (-34)/(-8) + 3/(-12). Let w = v - -1. What is the remainder when 14 is divided by w?
4
Suppose 10 = 3*j + 2*h, -h = 2*j - 6*h - 13. Suppose -j*o - w = 4*w - 5, -4*w - 22 = -2*o. Calculate the remainder when 13 is divided by o.
3
Suppose -16 = 2*g + 2*r, g = 6*g + 3*r + 32. Let f(y) = y**3 + 3*y**2 - 5*y - 2. Let w be f(g). Let t = w + 4. What is the remainder when 17 is divided by t?
5
Let s(o) = o**3 - 12*o**2 - 11*o - 15. Suppose 46 = 2*n + 5*w, 4*n - 5*w + 22 - 54 = 0. What is the remainder when s(n) is divided by 7?
4
Let k = -21 - -35. Suppose 5*f = 4*p - 354, -322 = -4*p + f + 24. Suppose 3*z = -b + p, -4*z + b + 0*b = -103. Calculate the remainder when z is divided by k.
13
What is the remainder when 21/(-7) - (-45 - 1) is divided by 11?
10
Suppose 2*k = 5*u - 16, -4*k + 18 = 2*u + k. Suppose 0 = -5*m - 0*j - 2*j + 28, 0 = u*m + 3*j - 28. What is the remainder when (2/6)/(3/45) is divided by m?
1
Calculate the remainder when 39 is divided by 1 + 9 + (1 - 1).
9
Suppose 11*a - 516 = 7*a. Suppose 91 + 35 = 5*m + j, 5*m + 4*j - a = 0. Calculate the remainder when 98 is divided by m.
23
Suppose 0 = k - 3*k + 5*q + 24, 3*k - 26 = 5*q. Let h = 10 + k. Calculate the remainder when 21 is divided by h.
9
Let v = 0 - -4. What is the remainder when 6/v*(-76)/(-6) is divided by 10?
9
Suppose -5*z = -0*z - 265. Let n = z + -31. Calculate the remainder when 65 is divided by n.
21
Let n = 331 - 210. What is the remainder when n is divided by 62?
59
Let u = -118 - -138. Calculate the remainder when 138 is divided by u.
18
Let h(a) = -3*a**3 + 2*a**2. Calculate the remainder when 61 is divided by h(-2).
29
Suppose -3*j + 8*j - 45 = 0. Calculate the remainder when 23 is divided by j.
5
Suppose 4*w + 2*c - 168 = 0, c + 89 = 4*w - 79. Calculate the remainder when w is divided by 11.
9
Suppose 18 = 2*i - 12. What is the remainder when 46 - (1 + (-3)/(-3)) is divided by i?
14
Suppose -d = 0, q - 27 = d + 7. What is the remainder when q is divided by 5?
4
Let a(b) = b**3 - 3*b**2 - 3*b + 9. Calculate the remainder when a(4) is divided by 8.
5
Let w(a) = 2*a**3 - 8*a**2 + 7*a + 3. What is the remainder when w(4) is divided by 12?
7
Suppose -7*a + 12*a = 45. Let l(p) = p + 1. Calculate the remainder when a is divided by l(4).
4
Let q(c) = c**2 + 3*c. Suppose -3*o = -3 - 12. Suppose d + 3*n = 12, -3*n - 14 = -d - o*n. Calculate the remainder when d is divided by q(-5).
8
Let v(s) = 16*s - 4. Let n be v(3). Let i = n - 21. What is the remainder when 68 is divided by i?
22
What is the remainder when (16/40)/(2/100) is divided by 11?
9
Suppose -p = 3*h - 18, -2*p + 4*h = p - 15. Suppose -728 = -23*r - 5*r. Calculate the remainder when r is divided by p.
8
Let m = -14 + 26. What is the remainder when 33 is divided by m?
9
What is the remainder when -2 - -1 - (1 + -49) is divided by 24?
23
Suppose 5*z - 36 = -4*g, -4*g + z = -0*g - 12. Suppose -9 - 11 = -g*u. Suppose u*q = 20, f + 4*q - 19 = 6. Calculate the remainder when 35 is divided by f.
8
Suppose 3*r = 4*r. Suppose r = 8*x - 3*x - 15. Suppose -3 = -x*t + 12. Calculate the remainder when 8 is divided by t.
3
Let y(d) = -d**3 - 10*d**2 - 2*d + 5. What is the remainder when 122 is divided by y(-10)?
22
Suppose 0 = 10*a - 18 - 22. Calculate the remainder when a is divided by (-25)/